ose -2*p - 10 + 2 = -4*u, 0 = n*u + 5*p - 32. What is the units digit of u?
4
Suppose 0 = q + q - 2*g, 2*q - 3*g + 4 = 0. Suppose z + 2 = 12. Suppose -q*a = -2*a - z. What is the units digit of a?
5
Let l = -3 - -7. Suppose 0*x - l*x + 40 = -5*i, -i + 10 = x. Let g = x + -6. What is the units digit of g?
4
What is the tens digit of (-330)/(-20) + 2/4?
1
Suppose -3 + 0 = -3*z, -4*k + 4*z = -16. What is the units digit of k?
5
Let p(u) = -9*u + 21. Let z be p(-9). Let i = z + -66. What is the tens digit of i?
3
Let d(s) = -s**2 + 5*s - 2. Let z be d(4). Suppose z*w - 13 = w. What is the units digit of w?
3
Let k(w) = -4*w**3 - 11*w**2 + 9*w - 9. Let y(v) = -5*v**3 - 12*v**2 + 10*v - 10. Let s(c) = -6*k(c) + 5*y(c). What is the units digit of s(5)?
9
Suppose -3 = -u, 0 = -m - u + 34. What is the tens digit of m?
3
Suppose 4*g + g - 195 = 0. What is the tens digit of g?
3
Let x be -1 - 15/(-6)*20. Suppose -2*o + 19 = -x. What is the units digit of o?
4
Let w(f) = -f**2 + 9*f + 5. What is the units digit of w(5)?
5
Suppose 0 = 7*p + 133 - 1470. What is the hundreds digit of p?
1
Let w be (-2)/(-4) + (-25)/2. Let j be ((-4)/(-6))/(2/24). What is the units digit of (-15 + 0)*j/w?
0
Suppose -k = -3*k + 20. Let v(r) = r + 4. What is the tens digit of v(k)?
1
Let m(s) = 2 - 6 - s + 0*s. Let y be m(-5). Suppose y = -5*a + 31. What is the units digit of a?
6
Let w = 2 + 20. Let n(z) = -2*z**2 - 6*z + 4. Let i be n(-5). Let m = w + i. What is the units digit of m?
6
Suppose -3*k = 2*s + 2*k - 25, 5 = s + k. What is the units digit of (s + 21)*(-4)/(-12)?
7
Suppose 6*y = 2*y + 20. What is the tens digit of (-2)/y + 186/15?
1
Let k(f) be the first derivative of -3*f + 4 + 5/2*f**2. What is the units digit of k(2)?
7
Let h(a) = -a - 2. Let p be h(2). What is the units digit of (-1)/p - 55/(-20)?
3
Let m = 6 + -4. Let x(j) = -j**3 - 7*j**2 - 5*j + 5. Let r be x(-6). Let i = r + m. What is the units digit of i?
1
Suppose 53 = 2*q - 0*q + c, 2*q = 5*c + 71. What is the units digit of q?
8
Let b = -4 - -7. Let j be b - 2 - (1 - -6). Let h(n) = -n**2 - 7*n. What is the units digit of h(j)?
6
Let f be ((-4)/((-12)/9))/1. Suppose -5*c + 165 = -0*x - 5*x, 2*x + 162 = 5*c. Suppose f*u + c = 7*u. What is the units digit of u?
8
Let h(n) = 8*n - 3 + 1 - 1. What is the units digit of h(2)?
3
Let p = 168 - 91. What is the tens digit of p?
7
Suppose 3*n - 2*n = 0. Suppose -2*j + 4 = 2*w, n = -3*j + w + w + 31. What is the units digit of j?
7
Suppose 3*r - 12 = -3*n + 6, 4*n - 4 = r. Let z = 5 + n. What is the units digit of z?
7
Suppose 2*n - 4*d = -38, 3*d = 6 - 3. Let p = -4 - n. What is the units digit of p?
3
Let b = -21 + 45. What is the tens digit of b?
2
Let f = 27 + -15. Suppose g - f = 19. What is the tens digit of g?
3
Let i(l) be the second derivative of l**3/2 - 3*l**2/2 - l. Let h be i(2). What is the units digit of 8/6*h/1?
4
What is the units digit of -1*(-29 + 3) - 2?
4
Let m = -5 + 10. Suppose 3*y + 2 = m*s, -2*s + 2*y = 3*s + 2. What is the tens digit of (-2 - -7*2) + s?
1
Let i(f) = 2*f**3 + 3*f**2 + 7*f - 11. What is the hundreds digit of i(4)?
1
Let h(r) = -r + 4. Let q be h(2). Suppose -q*k - 108 = -5*k. Suppose 2*f - 5*f + k = 0. What is the tens digit of f?
1
Let w = -92 + 262. What is the hundreds digit of w?
1
Let p be -1 + (-2 - -2) + -1. What is the units digit of (-44)/10*(p - 3)?
2
Suppose -3*n - 23 = 16. Let y = -57 - -81. Let o = y + n. What is the tens digit of o?
1
Suppose 3*z = -27 + 84. What is the units digit of z?
9
Let y(w) = 3*w**2 - 5*w - 7. Suppose 4*r + 25 = 5*o - 8, -o - 3*r - 1 = 0. What is the tens digit of y(o)?
4
Let c(y) = y + 24. Let r be ((-7)/(-21))/(1/(-33)). What is the tens digit of c(r)?
1
Let z(j) = j**3 + 6*j**2 - 2*j - 7. Let k be z(-6). Suppose -k = 3*r - 8. Let g = 1 + r. What is the units digit of g?
2
Let r be -3 - (-1)/1 - 1. Let b = 0 - r. Suppose -l + b*m = -4*l + 33, -4*l = 5*m - 46. What is the units digit of l?
9
Let x(u) = -u + 8. Let p be (-5)/20 + 129/(-12). What is the tens digit of x(p)?
1
Let c = 9 - 5. Let p = c + -1. Suppose -2*t + p = -t. What is the units digit of t?
3
Let t = 5 - 3. Let q(k) = k**3 + k**2 + k + 1. Let s be q(0). Suppose s + 7 = t*l. What is the units digit of l?
4
Suppose -1 = z - 6. Suppose 8 = z*y - 2. Suppose -f + 5*q = y*f - 46, -2*q + 118 = 5*f. What is the units digit of f?
2
Let f = -6 - -6. Let o be 2 + f/(-2) + -2. Suppose o = q + 2*v - 11, -2*v = -5*q - 0*q + 7. What is the units digit of q?
3
What is the hundreds digit of 44*4 - (8 + -6)?
1
Let x(f) = f**2 + f + 3. What is the tens digit of x(-6)?
3
Let p be (0/(-3) - -21)*1. Let c = 56 - p. Suppose -5*y = -f - 34 - c, 0 = -y + 5*f + 33. What is the tens digit of y?
1
Suppose 2*w = -0 + 6. Suppose -w*n - 2*k = -19, -5*n - 2*k = -6*k - 17. Suppose n = 2*v + 3*u - 4*u, -2*v - 2*u = -8. What is the units digit of v?
3
Let u = 16 + -14. Suppose u*p = 44 + 18. What is the tens digit of p?
3
Let z(d) = d**3 + 5*d**2 + 5*d + 4. Suppose 0 = -t - t + 4*m + 54, 27 = 2*t + 5*m. Suppose 4*v = t - 5, -3*v + 18 = -2*q. What is the units digit of z(q)?
7
Suppose 2*f = -2*o + 458 + 200, -3*o + 5*f = -1019. What is the units digit of o?
3
Suppose -15 = 3*f + 3. Let a(z) = -3*z - 9. What is the units digit of a(f)?
9
Suppose -63 = 52*a - 55*a. What is the units digit of a?
1
Suppose -r - m - 203 = -4*r, 4*r - 268 = 4*m. What is the tens digit of r?
6
Let j(h) = 6 + 3*h + 4*h - 10*h**2 + 2*h + h**3. Suppose -k + 4*o = -21, 4*o + 9 = o. What is the units digit of j(k)?
6
Suppose 3*k - 21 = -3*u, u = 3*k + 5*u - 24. Let p(x) = -2*x - 4. Let n be p(-2). Suppose -j - j + k = n. What is the units digit of j?
2
Let q(m) = m**2 - 5*m + 4. Let u be q(5). Let f be (-2)/u - 14/4. What is the units digit of (-33)/(-5) - f/10?
7
Let r(m) = 3*m**2 - 3*m + 2. Let w be r(1). Suppose 0 = -3*i - w*o + 14, 6*i + 3*o = 2*i + 19. What is the units digit of i?
4
Let f(w) = -w**3 + w**2 + 3*w - 5. Let l be f(-4). Suppose -2*a + l = -5*a. What is the units digit of 6/a + 74/14?
5
Suppose 3*c - 121 - 204 = 5*l, l = 5*c - 571. What is the tens digit of c?
1
Let v(q) = 8*q + 9. What is the units digit of v(4)?
1
Let c(r) = r - 5. Let t be c(9). Let d(p) = 9*p - 3. What is the tens digit of d(t)?
3
Let v = -6 + 8. Let g(k) = k. Let x be g(v). Suppose -d - 2 = -2*r, -x*d - 3*r = -0*d - 31. What is the units digit of d?
8
Suppose -y + 4*f - 24 = -4*y, f = -3. Suppose 6*h - 57 = 3*h + 2*g, y = 4*g. What is the tens digit of h?
2
Suppose n + p = 4*p + 1, p = -4*n + 17. Suppose -n*s - 2*t = -3*t + 13, 3*s - t = -11. Let q(i) = i**2 + i + 1. What is the units digit of q(s)?
3
Suppose -2*y - y = 6. Let m be y/((2/(-2))/5). Let v = -6 + m. What is the units digit of v?
4
Let c be 1/(-3)*357/(-7). Suppose 0 = -4*j, j + 3*j = r - c. What is the units digit of r?
7
Let x(r) = 2*r**2 + r - 2. Let t be x(-2). Let n be (-58)/(-3) - t/(-6). Suppose n = 4*j + j. What is the units digit of j?
4
What is the units digit of (-1)/(-5)*((0 - 4) + 1319)?
3
Let m(f) = 3*f + 9. Let g(k) = 2*k + 5. Let s(j) = 7*g(j) - 4*m(j). What is the units digit of s(4)?
7
What is the units digit of ((-116)/6)/((-10)/15)?
9
Let y be -3*(-201)/9 - 1. Suppose g - y = -7*u + 4*u, -2*u + 44 = -2*g. What is the units digit of u?
2
Suppose 4*n = -4 + 12. Let m be (1 + 2)*(-2)/n. Let j = m + 4. What is the units digit of j?
1
Let w = -198 - -302. What is the tens digit of w?
0
Suppose -5*n - 252 = -s, -3*s - 2*s - n + 1260 = 0. What is the hundreds digit of s?
2
Let n(v) = -7*v + 11. What is the units digit of n(-8)?
7
Let x be (3/(-2))/(3/(-20)). Let w = x + -26. What is the tens digit of -1 + (1 + -3 - w)?
1
Let c = 10 - 7. Let o(d) = -d**2 + 2*d + 3. Let f be o(c). Suppose -x - 2*u + 4 = f, -3*x + 34 = 2*x - 4*u. What is the units digit of x?
6
Suppose 2*y + 12 = c, 5*c + 16 = 3*c - 4*y. What is the units digit of -1*(c - (10 - 3))?
5
Let g = -154 - -169. What is the tens digit of g?
1
Suppose -3*n = -6*n + 102. What is the units digit of n?
4
Suppose 5*v = -4*a + 250, -1 = -3*v + 5. Suppose 4*f + g - 48 = 0, 3*f + 2*f = -2*g + a. What is the tens digit of f?
1
Suppose -18 = -3*h + 2*l, -19 = 2*h - 3*h + 5*l. Suppose -1 - 51 = -2*j - o, -h*j = -o - 98. Let q = j - 18. What is the units digit of q?
7